 composite?
False
Is 256638827 prime?
True
Is 44166319 a composite number?
False
Is 11008799 composite?
True
Is 14078873 a prime number?
False
Is 17011219 a prime number?
False
Is 204180031 composite?
True
Is 77344937 a prime number?
False
Is 35434543 a prime number?
False
Is 35470411 a prime number?
True
Is 14349709 a prime number?
False
Is 233330609 composite?
False
Is 11226233 a prime number?
True
Is 1548277 a composite number?
False
Is 92471 prime?
False
Is 13632017 composite?
True
Is 880799 a prime number?
True
Is 3593455 a prime number?
False
Is 993986507 prime?
False
Is 2120933 a composite number?
False
Is 851981 prime?
False
Is 1845787 a composite number?
True
Is 3781607 prime?
False
Is 463969 a composite number?
True
Is 13320623 prime?
False
Is 7167719 composite?
True
Is 306112253 a prime number?
False
Is 1747181 prime?
True
Is 3749321 a prime number?
False
Is 9101087 a prime number?
True
Is 11737757 a prime number?
True
Is 13748311 a prime number?
True
Is 15373 a prime number?
True
Is 111908642 composite?
True
Is 15302459 composite?
True
Is 323123 prime?
True
Is 1225409 prime?
True
Is 924132877 composite?
False
Is 152513839 a prime number?
False
Is 2403077 composite?
False
Is 67648771 prime?
True
Is 1773469 a prime number?
True
Is 33810779 a prime number?
True
Is 4177991 composite?
True
Is 3423517 a prime number?
True
Is 1675181 prime?
True
Is 31358777 a composite number?
False
Is 24871481 prime?
True
Is 127550357 a prime number?
False
Is 16789667 composite?
False
Is 38216791 a prime number?
True
Is 416777 a composite number?
True
Is 623792521 prime?
False
Is 108719057 a composite number?
True
Is 931061 prime?
False
Is 138056827 a prime number?
True
Is 458119 a prime number?
True
Is 6446827 a prime number?
False
Is 33882607 prime?
False
Is 14603389 prime?
False
Is 56168419 composite?
False
Is 6083621 composite?
True
Is 7319729 a composite number?
True
Is 6716137 prime?
True
Is 17639 a prime number?
False
Is 44882206 a composite number?
True
Is 583795909 composite?
True
Is 15717941 composite?
False
Is 50876489 composite?
False
Is 16349422 a prime number?
False
Is 190178423 prime?
True
Is 5377031 prime?
False
Is 5480633 a composite number?
False
Is 77033471 prime?
True
Is 367181 prime?
True
Is 74873717 a prime number?
False
Is 652957 composite?
False
Is 42111821 a prime number?
False
Is 9441077 composite?
True
Is 9307022 composite?
True
Is 12486689 a prime number?
False
Is 19696427 a prime number?
True
Is 902563 prime?
True
Is 34233451 a composite number?
True
Is 2686547 composite?
False
Is 78013211 a composite number?
True
Is 72482863 prime?
True
Is 76486433 a composite number?
False
Is 58734493 prime?
True
Is 17480009 prime?
True
Is 3485129 prime?
True
Is 2719837 prime?
False
Is 34105573 prime?
False
Is 100468103 a prime number?
True
Is 7611987 composite?
True
Is 2271151 a prime number?
True
Is 2705441 a prime number?
True
Is 144692947 a composite number?
True
Is 49161269 composite?
False
Is 10877887 prime?
False
Is 220344974 a prime number?
False
Is 247200971 a prime number?
False
Is 398032129 prime?
False
Is 17252563 prime?
True
Is 98640757 composite?
False
Is 958693 composite?
False
Is 388897277 composite?
False
Is 2059613 a prime number?
True
Is 212762669 a composite number?
True
Is 8211517 a prime number?
False
Is 14977219 a prime number?
True
Is 147147197 composite?
False
Is 102871 prime?
True
Is 7955449 a prime number?
True
Is 5223527 composite?
True
Is 26282427 a composite number?
True
Is 140975195 a prime number?
False
Is 1542341 a composite number?
True
Is 57713987 a composite number?
False
Is 30299807 composite?
False
Is 580019177 a prime number?
False
Is 21171023 composite?
False
Is 22177763 a prime number?
False
Is 645239 prime?
False
Is 20510209 composite?
True
Is 266986363 a composite number?
True
Is 38414 composite?
True
Is 47825737 composite?
False
Is 576193751 a composite number?
True
Is 5917123 a composite number?
False
Is 5497223 composite?
False
Is 4667527 a composite number?
False
Is 16879301 a prime number?
True
Is 1493797 composite?
True
Is 6038443 prime?
False
Is 40325729 a composite number?
False
Is 1660759 composite?
True
Is 5783798 a prime number?
False
Is 1871039 composite?
False
Is 7653667 composite?
True
Is 32845669 prime?
True
Is 36205837 a prime number?
False
Is 56359 a composite number?
False
Is 13155743 prime?
True
Is 59778673 prime?
False
Is 616634 a prime number?
False
Is 81047731 a composite number?
False
Is 16340759 composite?
False
Is 166087 prime?
False
Is 47384762 prime?
False
Is 276493 composite?
True
Is 536030689 prime?
False
Is 11515759 a prime number?
False
Is 650261 prime?
True
Is 343582423 prime?
False
Is 1610671 a composite number?
True
Is 21374081 a composite number?
True
Is 167255155 prime?
False
Is 5097337 a prime number?
False
Is 2400511 prime?
True
Is 84045919 composite?
False
Is 15290579 prime?
False
Is 663847 a composite number?
True
Is 70084037 composite?
True
Is 628289 a composite number?
False
Is 5455837 prime?
True
Is 63588617 prime?
True
Is 221451823 composite?
True
Is 390205 composite?
True
Is 3798983 prime?
True
Is 2292079 composite?
False
Is 37061329 a composite number?
True
Is 596765495 a composite number?
True
Is 13308205 composite?
True
Is 2925761 a composite number?
True
Is 2944807 composite?
False
Is 2168139 a prime number?
False
Is 111351293 composite?
False
Is 16929179 a prime number?
True
Is 32818645 a composite number?
True
Is 70453927 a prime number?
True
Is 150702911 composite?
False
Is 1816081 a prime number?
False
Is 134917 composite?
False
Is 14456107 a composite number?
False
Is 2879257 a composite number?
False
Is 7638373 a prime number?
True
Is 19634113 composite?
True
Is 4096397 composite?
False
Is 15321511 composite?
True
Is 565723 a prime number?
True
Is 4163597 prime?
True
Is 3369127 a composite number?
True
Is 1924217 composite?
False
Is 49591739 a prime number?
True
Is 2514581 composite?
False
Is 21166679 a composite number?
False
Is 27120697 prime?
False
Is 1386041 a composite number?
True
Is 5326523 a prime number?
True
Is 24145039 prime?
False
Is 7112003 composite?
False
Is 24867749 prime?
True
Is 8157511 a composite number?
True
Is 1492429 a composite number?
True
Is 10724551 a composite number?
False
Is 178021 prime?
True
Is 10182463 a composite number?
False
Is 199516769 a composite number?
False
Is 1590051 a composite number?
True
Is 2612057 a composite number?
True
Is 34479751 a prime number?
True
Is 3875041 composite?
False
Is 1133063 a composite number?
True
Is 77142011 a prime number?
True
Is 190676719 prime?
True
Is 5822117 prime?
False
Is 476416859 a composite number?
True
Is 25109881 a prime number?
True
Is 5405549 composite?
True
Is 56760199 prime?
True
Is 18529267 prime?
False
Is 48293461 composite?
False
Is 383981 a prime number?
False
Is 11903897 a prime number?
False
Is 164960321 composite?
False
Is 4753861 composite?
True
Is 420294623 a prime number?
False
Is 822058243 prime?
True
Is 256067627 prime?
True
Is 32802727 prime?
True
Is 171231193 composite?
True
Is 9382049 composite?
False
Is 2063246 a composite number?
True
Is 1589017 composite?
False
Is 9468601 prime?
True
Is 445541143 a prime number?
True
Is 1449113 composite?
False
Is 20701202 prime?
False
Is 916673 a prime number?
False
Is 266561407 a prime number?
False
Is 6852637 a composite number?
True
Is 18069613 a prime number?
True
Is 794117 composite?
True
Is 9120929 composite?
True
Is 24086999 prime?
False
Is 433931 a prime number?
True
Is 16039213 a prime number?
True
Is 8402903 a prime number?
False
Is 13238209 prime?
False
Is 4652341 a composite number?
True
Is 1289417 a composite number?
True
Is 11452841 composite?
False
Is 422200421 a prime number?
True
Is 4649261 prime?
True
Is 7035937 composite?
True
Is 37865437 prime?
True
Is 331959791 prime?
True
Is 2679331 a composite number?
False
Is 2752649 a prime number?
False
Is 31735069 a composite number?
False
Is 2401513 a prime number?
True
Is 18794221 a prime number?
True
Is 17358641 a composite number?
False
Is 90202039 a composite number?
True
Is 595513837 a composite number?
True
Is 8601602 composite?
True
Is 1039385 prime?
False
Is 2901839 composite?
False
Is 34803365 prime?
False
Is 22555703 a composite num